{"id":553,"date":"2019-09-24T10:57:47","date_gmt":"2019-09-24T08:57:47","guid":{"rendered":"https:\/\/yrskincare.com\/?post_type=block&#038;p=553"},"modified":"2022-01-11T10:32:33","modified_gmt":"2022-01-11T09:32:33","slug":"face-care-category-description","status":"publish","type":"porto_builder","link":"https:\/\/yrskincare.com\/en\/?porto_builder=face-care-category-description","title":{"rendered":"Face Care Category Description"},"content":{"rendered":"<section class=\"wpb-content-wrapper\">[vc_row css=&#8221;.vc_custom_1569315634368{padding-top: 80px !important;padding-bottom: 80px !important;}&#8221;][vc_column width=&#8221;2\/3&#8243; offset=&#8221;vc_col-lg-offset-2 vc_col-lg-8 vc_col-md-offset-2 vc_col-md-8 vc_col-sm-offset-2 vc_col-xs-12&#8243;][vc_separator el_width=&#8221;70&#8243;][vc_column_text css=&#8221;.vc_custom_1569316375306{margin-top: 60px !important;}&#8221; el_class=&#8221;product-category-description&#8221;]\n<h1 style=\"text-align: center\">Ansiktsv\u00e5rd<\/h1>\n<p>Alla ska ha m\u00f6jlighet till bra naturlig \/ organisk svensktillverkad hudv\u00e5rd med ingredienser fr\u00e5n norden. Tanken \u00e4r att ni ska kunna anv\u00e4nda produkterna gemensamt i hemmet med enbart en eller tv\u00e5 \u00e5terfuktande kr\u00e4mer som beh\u00f6ver specifikt anpassas f\u00f6r din egna hudtyp, annars kan ni anv\u00e4nda gemensamt Cleansing Lotion, Lemon Facial Water osv\u2026tillsammans. Eftersom vi ocks\u00e5 alltid har valt tub eller pumpform p\u00e5 produkterna sedan mer 20\u00e5r tillbaka s\u00e5 inneh\u00e5ller v\u00e5ra produkter mindre konservering \u00e4n n\u00e4r man k\u00f6per hudv\u00e5rd p\u00e5 burkform.[\/vc_column_text]<div class=\"porto-block\" data-id=\"18239\">[vc_row_inner el_class=\"flex-wrapper\"][vc_column_inner]<div class=\"porto-btn-ctn-center yr-btn-inverted\"><a class=\"porto-btn porto-adjust-bottom-margin porto-btn-normal porto-btn-no-hover-bg   wpb_custom_fa51088c2567b780100c1edcf8821d3b  porto-btn-center \" title='Made in Sweden' rel='' href = \"https:\/\/yrskincare.com\/made-in-sweden\/\"  data-hover=\"\" data-border-color=\"\" data-bg=\"\" data-hover-bg=\"\" data-border-hover=\"\" data-shadow-click=\"none\" data-shadow=\"\" style=\"border:none;\"><span class=\"porto-btn-hover\"><\/span><span class=\"porto-btn-data porto-btn-text \" >Made in Sweden<\/span><\/a><\/div><div class=\"porto-btn-ctn-center yr-btn-inverted\"><a class=\"porto-btn porto-adjust-bottom-margin porto-btn-normal porto-btn-no-hover-bg   wpb_custom_fa51088c2567b780100c1edcf8821d3b  porto-btn-center \" title='Made in Sweden' rel='' href = \"https:\/\/yrskincare.com\/om-yr-skincare\/\"  data-hover=\"\" data-border-color=\"\" data-bg=\"\" data-hover-bg=\"\" data-border-hover=\"\" data-shadow-click=\"none\" data-shadow=\"\" style=\"border:none;\"><span class=\"porto-btn-hover\"><\/span><span class=\"porto-btn-data porto-btn-text \" >Om YR Skincare<\/span><\/a><\/div>[\/vc_column_inner][\/vc_row_inner]<\/div>[\/vc_column][\/vc_row]\n<\/section>","protected":false},"author":1,"featured_media":0,"template":"","porto_builder_type":[328],"acf":[],"_links":{"self":[{"href":"https:\/\/yrskincare.com\/en\/wp-json\/wp\/v2\/porto_builder\/553"}],"collection":[{"href":"https:\/\/yrskincare.com\/en\/wp-json\/wp\/v2\/porto_builder"}],"about":[{"href":"https:\/\/yrskincare.com\/en\/wp-json\/wp\/v2\/types\/porto_builder"}],"author":[{"embeddable":true,"href":"https:\/\/yrskincare.com\/en\/wp-json\/wp\/v2\/users\/1"}],"wp:attachment":[{"href":"https:\/\/yrskincare.com\/en\/wp-json\/wp\/v2\/media?parent=553"}],"wp:term":[{"taxonomy":"porto_builder_type","embeddable":true,"href":"https:\/\/yrskincare.com\/en\/wp-json\/wp\/v2\/porto_builder_type?post=553"}],"curies":[{"name":"wp","href":"https:\/\/api.w.org\/{rel}","templated":true}]}}

<section class="wpb-content-wrapper">[vc_row css=&#8221;.vc_custom_1569315634368{padding-top: 80px !important;padding-bottom: 80px !important;}&#8221;][vc_column width=&#8221;2/3&#8243; offset=&#8221;vc_col-lg-offset-2 vc_col-lg-8 vc_col-md-offset-2 vc_col-md-8 vc_col-sm-offset-2 vc_col-xs-12&#8243;][vc_separator el_width=&#8221;70&#8243;][vc_column_text css=&#8221;.vc_custom_1569316375306{margin-top: 60px !important;}&#8221; el_class=&#8221;product-category-description&#8221;]
<h1 style="text-align: center">Ansiktsvård</h1>
<p>Alla ska ha möjlighet till bra naturlig / organisk svensktillverkad hudvård med ingredienser från norden. Tanken är att ni ska kunna använda produkterna gemensamt i hemmet med enbart en eller två återfuktande krämer som behöver specifikt anpassas för din egna hudtyp, annars kan ni använda gemensamt Cleansing Lotion, Lemon Facial Water osv…tillsammans. Eftersom vi också alltid har valt tub eller pumpform på produkterna sedan mer 20år tillbaka så innehåller våra produkter mindre konservering än när man köper hudvård på burkform.[/vc_column_text]<div class="porto-block" data-id="18239">[vc_row_inner el_class="flex-wrapper"][vc_column_inner]<div class="porto-btn-ctn-center yr-btn-inverted"><a class="porto-btn porto-adjust-bottom-margin porto-btn-normal porto-btn-no-hover-bg   wpb_custom_fa51088c2567b780100c1edcf8821d3b  porto-btn-center " title='Made in Sweden' rel='' href = "https://yrskincare.com/made-in-sweden/"  data-hover="" data-border-color="" data-bg="" data-hover-bg="" data-border-hover="" data-shadow-click="none" data-shadow="" style="border:none;"><span class="porto-btn-hover"></span><span class="porto-btn-data porto-btn-text " >Made in Sweden</span></a></div><div class="porto-btn-ctn-center yr-btn-inverted"><a class="porto-btn porto-adjust-bottom-margin porto-btn-normal porto-btn-no-hover-bg   wpb_custom_fa51088c2567b780100c1edcf8821d3b  porto-btn-center " title='Made in Sweden' rel='' href = "https://yrskincare.com/om-yr-skincare/"  data-hover="" data-border-color="" data-bg="" data-hover-bg="" data-border-hover="" data-shadow-click="none" data-shadow="" style="border:none;"><span class="porto-btn-hover"></span><span class="porto-btn-data porto-btn-text " >Om YR Skincare</span></a></div>[/vc_column_inner][/vc_row_inner]</div>[/vc_column][/vc_row]
</section>
